{"id":242,"date":"2011-04-06T17:06:09","date_gmt":"2011-04-06T17:06:09","guid":{"rendered":".\/?page_id=242"},"modified":"2011-04-26T11:28:34","modified_gmt":"2011-04-26T11:28:34","slug":"viata-culturala","status":"publish","type":"page","link":"https:\/\/comunagingiova.ro\/?page_id=242","title":{"rendered":"Viata Culturala"},"content":{"rendered":"<p>T\u00e2rg- B\u00e2lci &#8211; 15 August<br \/>\nZiua localit\u0103\u0163ii &#8211; 26 octombrie<\/p>\n","protected":false},"excerpt":{"rendered":"<p>T\u00e2rg- B\u00e2lci &#8211; 15 August Ziua localit\u0103\u0163ii &#8211; 26 octombrie<\/p>\n","protected":false},"author":2,"featured_media":0,"parent":226,"menu_order":0,"comment_status":"closed","ping_status":"closed","template":"","meta":{"footnotes":""},"class_list":["post-242","page","type-page","status-publish","hentry"],"_links":{"self":[{"href":"https:\/\/comunagingiova.ro\/index.php?rest_route=\/wp\/v2\/pages\/242","targetHints":{"allow":["GET"]}}],"collection":[{"href":"https:\/\/comunagingiova.ro\/index.php?rest_route=\/wp\/v2\/pages"}],"about":[{"href":"https:\/\/comunagingiova.ro\/index.php?rest_route=\/wp\/v2\/types\/page"}],"author":[{"embeddable":true,"href":"https:\/\/comunagingiova.ro\/index.php?rest_route=\/wp\/v2\/users\/2"}],"replies":[{"embeddable":true,"href":"https:\/\/comunagingiova.ro\/index.php?rest_route=%2Fwp%2Fv2%2Fcomments&post=242"}],"version-history":[{"count":7,"href":"https:\/\/comunagingiova.ro\/index.php?rest_route=\/wp\/v2\/pages\/242\/revisions"}],"predecessor-version":[{"id":667,"href":"https:\/\/comunagingiova.ro\/index.php?rest_route=\/wp\/v2\/pages\/242\/revisions\/667"}],"up":[{"embeddable":true,"href":"https:\/\/comunagingiova.ro\/index.php?rest_route=\/wp\/v2\/pages\/226"}],"wp:attachment":[{"href":"https:\/\/comunagingiova.ro\/index.php?rest_route=%2Fwp%2Fv2%2Fmedia&parent=242"}],"curies":[{"name":"wp","href":"https:\/\/api.w.org\/{rel}","templated":true}]}}

<p>Târg- Bâlci &#8211; 15 August<br />
Ziua localităţii &#8211; 26 octombrie</p>

<p>Târg- Bâlci &#8211; 15 August Ziua localităţii &#8211; 26 octombrie</p>
